 Let d be a(0). Let x = -25 + d. Calculate the highest common factor of 9 and x.
9
Let f(a) = -a**2 - a + 10. Let x be f(-3). Suppose 328 = 6*r + x. Calculate the greatest common divisor of r and 18.
18
Let j be ((-5)/((-15)/(-14)))/(142/(-11715)). What is the highest common factor of j and 165?
55
Suppose -5*b = -2*p - 15, -p = -6*p - b + 30. What is the greatest common divisor of 160 and p?
5
Let s = -232 + 241. Let u be -2 + 9/3 - -71. What is the greatest common factor of s and u?
9
Suppose i - g - 468 = -2*i, -5*g = 2*i - 295. Let u = 220 - i. Suppose 47 = -q + 3*q + 5*w, -q + 25 = w. What is the highest common factor of u and q?
13
Let k be (-8 - 0/1)*-8. Let d(c) = -c**3 + 38*c**2 + 1493*c - 214. Let t be d(62). What is the highest common divisor of t and k?
32
Let s(y) = -15*y + 4. Let d be (-6 + 2)*3/4. Let c be s(d). Let i be 9 + (-6)/45 + 196/(-105). What is the greatest common divisor of c and i?
7
Let h(g) = -2*g - 11. Let x be h(-5). Let l be -46*3*x/6. Suppose 3*d - 1 - l = 0. Calculate the greatest common factor of 4 and d.
4
Let o(g) = 7*g**2 + 4*g - 1. Let j be o(-3). Let r = 56 - j. Calculate the greatest common divisor of 18 and r.
6
Let o(u) = -u + 2. Let j be o(-2). Let n(b) = 9 - 1 - 17 - 5 + 4*b. Let r be n(j). Calculate the greatest common factor of 10 and r.
2
Let s(h) = -28*h - 50. Let w be s(-2). What is the greatest common factor of w and 219?
3
Let v(f) = f**3 + 18*f**2 + 35*f + 70. Let p be v(-16). What is the greatest common divisor of p and 121?
11
Let w(u) = 7*u**2 - 3*u - 19. Let c(i) = -14*i**2 + 7*i + 37. Let h(n) = -6*c(n) - 11*w(n). Let x be h(-2). What is the greatest common divisor of 99 and x?
33
Let p(d) = -d + 11. Let f be p(5). Let l(q) = -2*q**2 + 13*q + 10. Let i be l(f). What is the highest common factor of 128 and i?
16
Let j(f) = -2*f - 9. Let k be j(-6). Suppose 3*b - 3 = w, -6*b - 20 = -2*b. Let i = w + 45. What is the highest common factor of k and i?
3
Let j = -858 - -1371. Calculate the greatest common factor of 38 and j.
19
Suppose 4*z = 3*c + 297, -194*c = 4*z - 198*c - 300. Calculate the highest common divisor of 32 and z.
8
Suppose 3*r - 250 - 66 = l, -212 = -2*r + 2*l. What is the highest common factor of r and 105?
105
Let u(o) = o - 12. Let x be u(6). Let d(z) = -10*z - 24. Let s be d(x). Suppose 0 = -4*g + 8*g - 72. What is the greatest common factor of s and g?
18
Let q = -112 + 248. What is the greatest common factor of q and 17?
17
Suppose 0 = u + 4*u - 10. Suppose 15*w - 7*w - 576 = 0. Suppose -4*s + w = s - 4*z, -2*z + 52 = 3*s. Calculate the highest common divisor of u and s.
2
Let n be 2/(-8) - 194/(-8). Let m(v) = -27*v - 51. Let w be m(-9). What is the highest common divisor of n and w?
24
Let m = -53 + 55. Suppose 3*l - m*q - 80 = 0, 3*q + 49 = 5*l - 86. What is the highest common factor of 45 and l?
15
Suppose -64 = -2*b + 94. Suppose -4*d + b + 65 = 0. Let p = 51 - d. What is the highest common divisor of p and 6?
3
Let c be 5 - 2 - (-13 + -14). Calculate the greatest common divisor of 12 and c.
6
Let z(v) = -2*v**2 + 58*v - 30. Let l(g) = g**3 - 9*g**2 + 12*g - 5. Let s be l(8). Let h be z(s). What is the highest common factor of 6 and h?
6
Let g = -452 - -822. What is the highest common factor of g and 10?
10
Suppose -102 = -10*n + 48. Calculate the greatest common divisor of 485 and n.
5
Let s = 219 - 195. Calculate the highest common divisor of 276 and s.
12
Suppose 1400 = 66*p + 34*p. What is the greatest common divisor of 161 and p?
7
Suppose -10*n = -21*n + 88. Calculate the greatest common divisor of 36 and n.
4
Suppose 2*z - 1 = 11. Let r be (-4)/16*-4 - 10. Let l = z - r. Calculate the highest common factor of 45 and l.
15
Let r(o) = -o - 4. Let w be r(-8). Suppose w*c - 2*c - 4 = -4*g, 4*c - 8 = g. Suppose g = -4*p - p + 100. Calculate the highest common divisor of p and 4.
4
Suppose -4*x - 5*h - 27 = -145, -2*h + 4 = 0. What is the greatest common divisor of 306 and x?
9
Suppose 3*j = z + 43 + 140, 5*j = -5*z + 285. Suppose y + 3*y = j. Let v(k) = -3*k + 144. Let t be v(47). Calculate the greatest common factor of y and t.
3
Let h(l) = -l**3 + 5*l + 19. Let a be h(-4). What is the greatest common factor of 21 and a?
21
Suppose -4*u = -7*u + 12. Suppose -1579 + 300 = u*w - k, -5*w - 5*k = 1605. Let r be 4/18 + w/(-18). Calculate the greatest common divisor of r and 45.
9
Let f(o) be the second derivative of 0 + o**2 + 1/4*o**4 + 0*o**3 + 10*o. Let u be f(-2). Calculate the greatest common divisor of u and 21.
7
Suppose -2*k - 52 = 2*r, 2*r + 85 = -r + 4*k. Let v = 29 + r. What is the greatest common divisor of 5 and v?
1
Let b(c) = 148*c. Let l be b(-1). Let j = -20 - l. Suppose 281 + 903 = -11*t + 48*t. Calculate the greatest common factor of j and t.
32
Let p = -13 + 49. Suppose 12 = -4*n + 7*n. Suppose -2*s = c, n = 3*c + 2*s - 4. Calculate the highest common factor of p and c.
4
Let u = -39 - -47. Suppose 0 = u*h - 4*h - 12. What is the highest common divisor of 27 and h?
3
Suppose 2*y + 1890 = 3*u + 771, -753 = -2*u - y. Calculate the greatest common factor of u and 75.
75
Suppose -3*h - 59 = 1. Let t = 29 + h. Suppose t*u = 5*u + 176. What is the highest common factor of u and 110?
22
Let h(j) = -2*j**3 + 72*j**2 - 2*j + 84. Let v be h(36). Calculate the greatest common factor of v and 87.
3
Suppose -43 = -4*m - 4*p + 1, -5*m = -4*p - 10. What is the highest common divisor of 534 and m?
6
Let n(f) = f**2 - 5*f + 9. Let c be n(-4). What is the greatest common factor of c and 285?
15
Suppose 5*j = -4*i + 97, 3*j + 12 = -2*i + 59. Calculate the highest common factor of i and 364.
28
Suppose 0 = 2*o + m - 14, -1 = 2*m - 9. What is the highest common factor of 5 and o?
5
Suppose 6*j - 2*j - 16 = 0. Let i be 13/(1/(-18)*-3). Suppose -i - 78 = -j*m. Calculate the highest common divisor of m and 13.
13
Suppose 2*k - 32 = 4*c, 7 + 4 = k - c. Suppose -t - 280 = -k*t. Let o be (14 - 35)*(-20)/3. What is the greatest common divisor of t and o?
28
Let r = -351 + 517. What is the greatest common factor of r and 4?
2
Let d = 328 - 96. Calculate the greatest common factor of 145 and d.
29
Let v be (-713)/(-5) - 2/(-5). Suppose 3*u - 3*i = 45, 5*u - 39 = -3*i - i. What is the greatest common divisor of u and v?
11
Let t = -214 + 124. Let g = t - -95. What is the greatest common factor of g and 15?
5
Let b be (-4876)/(-12) - ((-33)/9 + 4). What is the greatest common divisor of b and 116?
58
Suppose -2*w + 5*x + 60 = 0, 2*w - 18 = 4*x + 42. Suppose w + 6 = 4*s. What is the highest common divisor of 45 and s?
9
Let n be (-2)/(-11) - 13100/(-550). Calculate the highest common divisor of n and 90.
6
Let z = -20 - -244. Let q = 17 - -11. What is the greatest common factor of z and q?
28
Let n(k) = k**2 + 5*k + 1. Let h be n(-10). Calculate the greatest common factor of 34 and h.
17
Let t be 4/(((-18)/480*2)/(-3)). What is the greatest common divisor of 10 and t?
10
Suppose 3 = -x, 0*p = -2*p - 5*x - 21. Let a be (-3)/(-9) + (-5)/p. Let n(o) = 32*o + 174. Let v be n(-5). What is the greatest common factor of v and a?
2
Let m(n) = -21*n + 19. Let o be m(-11). Calculate the highest common factor of 50 and o.
50
Suppose -u - 3*r + 6*r = -76, 0 = -3*u - r + 268. Let w(n) = -n + 17. Let z be w(-7). Let j = -13 + z. What is the greatest common factor of j and u?
11
Suppose -5*b - m + 550 = 0, 0*b - 99 = -b + 2*m. Suppose 33 = -106*q + b*q. What is the highest common factor of 143 and q?
11
Suppose -h - 2*a + 133 = 0, 3*a - 400 = -h - 273. Let n be ((-29)/3)/((-3)/9). Calculate the highest common divisor of h and n.
29
Let d = 726 - -5. What is the highest common divisor of d and 17?
17
Suppose 0 = -3*g + 2*d + 3*d - 22, -2*g - 20 = -2*d. Let p be 1*2*21/g + 51. What is the greatest common factor of 6 and p?
6
Let u(s) = 2*s + 0 - 9*s**2 - s**3 + 9*s - 5 - 7. Let y be u(-10). Let v be (7 - 3)/((-4)/y). What is the highest common factor of v and 33?
11
Suppose k - t + 42 = 6*k, -3*k - 5*t = -34. Calculate the greatest common factor of 40 and k.
8
Suppose 41 = 5*m - 4*r + 9, -m = 4*r + 8. Let n = -4 - -16. Calculate the highest common factor of m and n.
4
Let o(b) = -12*b + 143. Let j be o(0). Calculate the highest common factor of 11 and j.
11
Suppose 143 = 14*z - 277. Calculate